 q be 2*3/12 - 18/(-12). Suppose 281 + 259 = q*d. Is d a multiple of 10?
True
Suppose -193*j = -91*j - 93*j - 9765. Is j a multiple of 35?
True
Let z = 1378 - 1330. Is z a multiple of 16?
True
Suppose -i + 5*i = 0, u + 5*i - 5 = 0. Suppose -u*w = -4*w - 634. Is w a multiple of 11?
False
Let n = 605 - 373. Let c = n + -108. Is c a multiple of 6?
False
Suppose 3*d + 17135 = 5*w + 8*d, 0 = 5*w - 4*d - 17144. Does 6 divide w?
False
Let t be (-4 + 5)/((-297)/(-148) + -2). Suppose -h = -t - 22. Is h a multiple of 38?
False
Suppose 0 = -4*k + 6*c - 11*c + 38594, 0 = 3*k - 4*c - 28930. Does 12 divide k?
False
Suppose 7*u - 2745 = -1065. Is 12 a factor of u?
True
Let b(j) = -41*j + 7. Let d be b(-8). Suppose 4*n - 3*x - d = 0, -3*n = 2*n + 4*x - 380. Does 24 divide n?
False
Suppose 0 = 5*w + 2*h - 31, -4*h - 1 = -3*w + 2. Suppose -12 + 2 = 4*z - w*c, 5*c = 2*z + 10. Suppose 33*f - 38*f + 1055 = z. Does 12 divide f?
False
Let m(v) = -13*v - 198. Let i(n) = -8*n - 132. Let c(f) = -8*i(f) + 5*m(f). Is c(24) a multiple of 21?
True
Suppose 35 = 5*t + 4*u, 5*u + 21 = 2*t - 26. Does 19 divide t*(-178)/(-3) - 28/(-84)?
False
Let h be 225/105 + (-2)/(-28)*-2. Suppose -318 = h*g - 4*g + 4*q, 0 = -4*g - 5*q + 649. Does 5 divide g?
False
Suppose -5*d = -3*w + 5, -29 = -5*w - 18*d + 16*d. Suppose 3*q - 5*g - w - 7 = 0, -4*g = 5*q - 57. Is 3 a factor of q?
True
Suppose 0 = -430*w + 438*w - 10912. Is 22 a factor of w?
True
Suppose -17*b + 9*b + 2360 = 0. Let m = 551 - b. Is 44 a factor of m?
False
Suppose 5*r = 15, 7*z + 18909 = 10*z + 3*r. Does 21 divide z?
True
Suppose -2*o + 116 = -40. Suppose o = -3*m + 84. Does 10 divide m/1 - (-276)/4?
False
Suppose 4*y = 2*y - 4*c + 56, 4*y + 2*c = 106. Let h = y - 8. Suppose -14*x = -h*x + 580. Does 29 divide x?
True
Let q = -291 - -296. Suppose -q*c + 3644 = 3*s - 1441, 3*c = 5*s + 3051. Is 26 a factor of c?
False
Let g(c) = 84*c**2 + 6*c + 1. Let w(j) = j**2 - 2*j - 1. Let z(r) = g(r) + 3*w(r). Is 11 a factor of z(-3)?
True
Let w = -335 - -332. Is 80 a factor of 4*601/6 - (-2)/w?
True
Does 95 divide 19/323 - (171767/(-17) + -7)?
False
Let c(v) = 4*v**2 - 8. Suppose -11*x + 248 = 17. Suppose h = 5*d - x, 0 = 4*h + d - 9 - 12. Is 5 a factor of c(h)?
False
Let s be 8 + 13/((-52)/12). Suppose w + s*o - 84 - 16 = 0, 0 = -3*w - 2*o + 274. Is w a multiple of 45?
True
Let w(b) = 11*b**2 + 13*b - 108. Let d(f) = -5*f**2 - 6*f + 54. Let s(y) = 13*d(y) + 6*w(y). Is 27 a factor of s(0)?
True
Is 63 a factor of (-1 - 3) + 4 - (-4 + -2012)?
True
Let k = 46 - 42. Suppose m + 77 = 3*u - m, 19 = u - k*m. Is u a multiple of 10?
False
Let k(u) = u**3 + 13*u**2 + 5*u + 1. Let i = -29 + 19. Does 15 divide k(i)?
False
Let b(o) be the third derivative of o**6/120 - o**5/20 - o**4/2 - 2*o**3 - 49*o**2 - o. Is 4 a factor of b(7)?
True
Suppose 7402 = 3*c - 2*h, -3*c - 3*h - 324 = -7731. Is c a multiple of 4?
True
Let u be (-16)/56 + 1/(-7)*-128. Suppose -1656 = -u*q + 15840. Is q a multiple of 9?
True
Let d(y) = -79*y + 1090. Does 14 divide d(-7)?
False
Let t be (875/28)/(9/4 - 2). Suppose -124*i - 360 = -t*i. Is 24 a factor of i?
True
Let t(y) = -y - 1. Let n(i) be the third derivative of -2*i**5/15 + i**4/4 - 2*i**3/3 + 28*i**2. Let g(m) = -n(m) + t(m). Is 24 a factor of g(5)?
True
Let x be 1/(-2)*-3*(-610)/(-183). Suppose a - 2*q + 3*q - 28 = 0, -5*a = -x*q - 90. Does 8 divide a?
False
Let r = -60 - -110. Suppose -c - c = -r. Suppose 0*f - 2*f + 16 = -m, 0 = -3*f + 2*m + c. Is f even?
False
Let q(r) = -142*r**2 + r + 2. Let v(u) = -u - 2. Let x(f) = -q(f) - 2*v(f). Is x(-1) a multiple of 16?
False
Let w = 41 - 13. Let n be (-1)/4 - -1 - w/16. Let u(k) = -120*k + 4. Is 20 a factor of u(n)?
False
Let y(s) = s**2 - s - 61. Let p be y(9). Suppose p*b - 1109 = 112. Is b a multiple of 37?
True
Does 7 divide (2648/(-5))/((-7)/70 + (-13 - -13))?
False
Let r = -23417 + 45488. Is 66 a factor of r?
False
Let l(j) = j**3 - 2*j**2 + j + 1388. Does 149 divide l(0)?
False
Let m = 656 + -448. Suppose -2*n + 4*n + 138 = 3*j, m = 5*j + 4*n. Does 12 divide (-8)/((j/24)/(-11))?
True
Suppose 0 = 3*b - 15, -3*b - 26 = 4*f - b. Is 7956/15 + 4*f/(-60) a multiple of 14?
False
Let b be (-66)/(-55)*(-150)/(-9). Suppose -21*y + 1380 = -b*y. Suppose 8*w + 2*w = y. Is 12 a factor of w?
False
Let o = 26 - 24. Suppose 608 = 4*p - o*u, 2*p - 2*u - 158 = p. Suppose p + 25 = 5*m. Is 7 a factor of m?
True
Let o = -4570 + 4569. Let g(t) = 125*t + 3. Let f(x) = 125*x + 2. Let l(a) = -4*f(a) + 3*g(a). Is 18 a factor of l(o)?
True
Suppose p - 2*s = 5, -4*p + 6 + 14 = -4*s. Suppose 0 = -5*k + 2*y - 60, -55 = p*k - y - 0*y. Let j = 40 - k. Is j a multiple of 5?
True
Suppose 21*y = 24*y. Suppose -3*g + 3*f + 136 - 40 = 0, y = g + 2*f - 35. Does 4 divide g?
False
Let x(r) = -r**3 - 6*r**2 - 3*r. Let l be x(-4). Let k be 2/6 - l/(-15). Let w(g) = 23*g**2 + g. Is 7 a factor of w(k)?
False
Let g = -3610 + 10374. Is g a multiple of 19?
True
Let k = 27099 + -14656. Is k a multiple of 231?
False
Suppose 4*k - 2*z - 290 = 0, -4*k - 3*z + 368 = 93. Suppose 58*b = k*b - 7384. Is 8 a factor of b?
True
Let u(h) = 7*h**2 + 141*h - 105. Does 14 divide u(37)?
False
Let o(q) = 3288*q**2 - 65*q + 130. Is 6 a factor of o(2)?
True
Let k(d) be the second derivative of d**3/6 + 7*d**2 - 5*d. Let y be k(-6). Suppose -2*b + 484 = 5*x, 4*b - y*b = -8. Is x a multiple of 30?
False
Let l(r) = 437*r**2 - 20*r - 1. Suppose -5*n - 3*z + 20 = 0, -2*n + 20*z - 15*z - 23 = 0. Is l(n) a multiple of 8?
True
Let a = 286 + -282. Suppose 22*u = -4*o + 19*u + 1597, 2*u = a*o - 1602. Is 10 a factor of o?
True
Suppose p + 4300 = 2*m, 3*m - 2528 = -2*p + 3929. Is 11 a factor of m?
False
Let i(o) = o**2 + 56*o + 338. Is 5 a factor of i(-63)?
False
Let p(v) = 51*v**2 - 415*v + 4. Does 8 divide p(-4)?
True
Is 10 a factor of 4 - -8813 - (-7 - -6)*6?
False
Suppose 9*j = -4*j. Suppose j = -493*m + 490*m + 462. Is 7 a factor of m?
True
Let o(x) = x**2 - 12. Let t be o(-6). Does 16 divide (-646)/(-6) - -3 - (-8)/t?
False
Let v be 560/(-21)*(-48)/(-5). Let t = v + 259. Is 3 a factor of t?
True
Let g = 18 + -13. Suppose -3*c + 32 = 4*o, o + g*c - 15 = 6*c. Suppose 0 = a + w - o, 0 = 5*a - 4*a - w - 13. Is a a multiple of 4?
True
Suppose 11*z + 2*z = -10621. Let l = -479 - z. Is 34 a factor of l?
False
Let q(l) = 2*l**2 - 5*l - 39. Is 52 a factor of q(-8)?
False
Suppose k = t - 1, -2*k + 3*t = 3*k - 1. Suppose -k*o = x - 5, -x - 3*o + 5 = -4. Does 5 divide 7 + -4 - -24 - x?
True
Suppose 4*x - 2*v + 140 = 0, 3*x + 106 = 7*v - 6*v. Is ((-24)/x)/((-3)/(-207)) a multiple of 12?
False
Suppose -5*p + 20896 = -c + 2862, -2*p + 3*c + 7224 = 0. Suppose 15*k + 4779 = 19*k + 3*j, -5*j = -3*k + p. Is 29 a factor of k?
False
Suppose -1 = -d + 2, -3*g = -5*d + 27. Is g + -1 + 18 + -1 a multiple of 6?
True
Let z = 61 + -57. Suppose 0 = -2*n - z*n + 144. Suppose -20*d = -n*d + 272. Is 34 a factor of d?
True
Let l = 4959 + -3858. Is 8 a factor of l?
False
Let a = -15327 - -15322. Let l(s) = 0*s + 23 + 3*s + 5*s**2 - s**2. Is 6 a factor of l(a)?
True
Let d be 10/4*48/15. Suppose -321 = -d*t + 1215. Does 8 divide t?
True
Suppose -3*u + 39 = 15. Let f(x) = 5*x**2 - 9*x + 16. Let m be f(u). Let o = m - 173. Does 13 divide o?
True
Suppose -61*t + 1005720 = 59*t. Is 121 a factor of t?
False
Suppose -4*m - 11120 = 9*m - 43191. Is m a multiple of 27?
False
Suppose -4057 - 3715 = 29*x. Let l = -232 - x. Does 13 divide l?
False
Let u be (7/4)/(9/1296). Let i = u + -154. Does 14 divide i?
True
Let j(v) = v**3 + 52*v**2 + 27*v - 321. Is j(-51) a multiple of 129?
True
Let k = -44 - -43. Does 27 divide (-179 - (0 - k))*(-45)/20?
True
Let l(r) = 412*r**2 + 202*r - 1284. Does 82 divide l(6)?
True
Let c(h) = -h**3 + 7*h**2 - h + 11. Let p be c(7). Suppose 12 = -3*z, -z - p*z = -3*q + 338. Let n = -44 + q. Does 11 divide n?
False
Suppose -1095 = -15*c + 930. Suppose 4*a - 201 - c = -3*j, -4*j = 0. Is 7 a factor of a?
True
Suppose -495 = 36*f - 135*f. Let x = -12 + 20. Suppose 38 = f*b + x. Is b a multiple of 3?
True
Suppose -53*c = -163*c + 134640. Is 12 a factor of c?
True
Let w(d) = 6*d + 1501. Let q be w(-42). Let z = 253 + -77. Suppose 0 = -19*s + z + q. Is s a multiple of 25?
True
Let t(m) = -m**2 + 9*m - 3. Let f be t(8). Suppose 91 = -f*h - 2*h. Let p = h + 69. I